emainder when 4246 is divided by 162?
34
Calculate the remainder when 7756 is divided by 3211.
1334
What is the remainder when 208456 is divided by 35?
31
What is the remainder when 3541 is divided by 66?
43
What is the remainder when 10108 is divided by 988?
228
What is the remainder when 3485936 is divided by 39?
38
Calculate the remainder when 14 is divided by 2.
0
Calculate the remainder when 1494 is divided by 29.
15
What is the remainder when 269211 is divided by 89723?
42
Calculate the remainder when 9763 is divided by 812.
19
Calculate the remainder when 259520 is divided by 471.
470
Calculate the remainder when 80378 is divided by 5.
3
What is the remainder when 1294 is divided by 129?
4
Calculate the remainder when 99723 is divided by 32.
11
What is the remainder when 87232 is divided by 219?
70
What is the remainder when 474134 is divided by 213?
209
Calculate the remainder when 1048 is divided by 187.
113
Calculate the remainder when 2180997 is divided by 120.
117
What is the remainder when 16560 is divided by 756?
684
What is the remainder when 1921 is divided by 175?
171
What is the remainder when 156612 is divided by 22?
16
What is the remainder when 471167 is divided by 110?
37
What is the remainder when 5086 is divided by 69?
49
Calculate the remainder when 1510849 is divided by 377711.
5
What is the remainder when 141035 is divided by 20147?
6
Calculate the remainder when 11614 is divided by 3838.
100
What is the remainder when 94617 is divided by 23654?
1
Calculate the remainder when 69442 is divided by 107.
106
Calculate the remainder when 191254 is divided by 12.
10
What is the remainder when 69676 is divided by 21?
19
Calculate the remainder when 97730 is divided by 470.
440
What is the remainder when 83701 is divided by 295?
216
What is the remainder when 262093 is divided by 1448?
5
What is the remainder when 38734 is divided by 35?
24
What is the remainder when 256435 is divided by 60?
55
Calculate the remainder when 671661 is divided by 336.
333
What is the remainder when 11150 is divided by 5559?
32
Calculate the remainder when 53333 is divided by 8888.
5
Calculate the remainder when 3020 is divided by 2971.
49
What is the remainder when 713 is divided by 34?
33
Calculate the remainder when 352190 is divided by 429.
410
Calculate the remainder when 47424 is divided by 35.
34
Calculate the remainder when 25584 is divided by 12507.
570
Calculate the remainder when 661 is divided by 101.
55
Calculate the remainder when 2902 is divided by 285.
52
Calculate the remainder when 7007 is divided by 500.
7
What is the remainder when 716 is divided by 100?
16
Calculate the remainder when 185607 is divided by 1031.
27
What is the remainder when 82166 is divided by 2567?
22
What is the remainder when 8800 is divided by 2878?
166
Calculate the remainder when 661328 is divided by 591.
590
Calculate the remainder when 12422 is divided by 6197.
28
Calculate the remainder when 1287 is divided by 67.
14
What is the remainder when 2034 is divided by 106?
20
What is the remainder when 1717940 is divided by 8?
4
Calculate the remainder when 575594 is divided by 244.
242
What is the remainder when 1871432 is divided by 23?
14
Calculate the remainder when 14991 is divided by 49.
46
Calculate the remainder when 446486 is divided by 940.
926
Calculate the remainder when 20799 is divided by 315.
9
What is the remainder when 173744 is divided by 15?
14
Calculate the remainder when 13876 is divided by 6934.
8
Calculate the remainder when 24478 is divided by 40.
38
What is the remainder when 404973 is divided by 264?
261
Calculate the remainder when 5059 is divided by 125.
59
What is the remainder when 76979 is divided by 8549?
38
Calculate the remainder when 67846 is divided by 13.
12
What is the remainder when 2334 is divided by 1096?
142
Calculate the remainder when 288716 is divided by 429.
428
Calculate the remainder when 213154 is divided by 12.
10
What is the remainder when 129477 is divided by 202?
197
Calculate the remainder when 21572 is divided by 636.
584
What is the remainder when 692 is divided by 564?
128
Calculate the remainder when 67761 is divided by 551.
539
What is the remainder when 34799 is divided by 5746?
323
Calculate the remainder when 87757 is divided by 225.
7
Calculate the remainder when 106487 is divided by 319.
260
Calculate the remainder when 286345 is divided by 1515.
10
Calculate the remainder when 17874 is divided by 2546.
52
What is the remainder when 8472 is divided by 692?
168
What is the remainder when 601 is divided by 223?
155
What is the remainder when 26705 is divided by 87?
83
Calculate the remainder when 1417 is divided by 153.
40
What is the remainder when 105577 is divided by 261?
133
What is the remainder when 192383 is divided by 46?
11
What is the remainder when 85313 is divided by 85?
58
Calculate the remainder when 134679 is divided by 185.
184
What is the remainder when 118 is divided by 5?
3
Calculate the remainder when 11760 is divided by 3918.
6
Calculate the remainder when 791802 is divided by 291.
282
What is the remainder when 641 is divided by 122?
31
What is the remainder when 36924 is divided by 401?
32
Calculate the remainder when 16414 is divided by 582.
118
Calculate the remainder when 3193 is divided by 634.
23
What is the remainder when 18810 is divided by 106?
48
What is the remainder when 66010 is divided by 16501?
6
Calculate the remainder when 1881109 is divided by 332.
329
What is the remainder when 38503 is divided by 255?
253
Calculate the remainder when 3178 is divided by 104.
58
What is the remainder when 2875 is divided by 389?
152
What is the remainder when 1136 is divided by 60?
56
Calculate the remainder when 18259 is divided by 6038.
145
Calculate the remainder when 34200 is divided by 3043.
727
Calculate the remainder when 61765 is divided by 438.
7
What is the remainder when 1930 is divided by 1787?
143
Calculate the remainder when 63666 is divided by 4244.
6
What is the remainder when 920 is divided by 883?
37
Calculate the remainder when 50699 is divided by 14.
5
Calculate the remainder when 59924 is divided by 141.
140
What is the remainder when 51656 is divided by 162?
140
What is the remainder when 1810 is divided by 59?
40
Calculate the remainder when 1321869 is divided by 6.
3
Calculate the remainder when 332748 is divided by 110.
108
Calculate the remainder when 15640 is divided by 2217.
121
Calculate the remainder when 632912 is divided by 37.
27
What is the remainder when 54057 is divided by 265?
262
What is the remainder when 26595 is divided by 186?
183
What is the remainder when 5216 is divided by 192?
32
Calculate the remainder when 51460 is divided by 10287.
25
Calculate the remainder when 59901 is divided by 21.
9
Calculate the remainder when 8448 is divided by 20.
8
What is the remainder when 7337 is divided by 79?
69
Calculate the remainder when 2859 is divided by 313.
42
Calculate the remainder when 61931 is divided by 81.
47
What is the remainder when 69996 is divided by 58?
48
Calculate the remainder when 796710 is divided by 1158.
6
Calculate the remainder when 3340 is divided by 6.
4
What is the remainder when 2474574 is divided by 775?
774
Calculate the remainder when 502364 is divided by 301.
296
What is the remainder when 1047 is divided by 334?
45
What is the remainder when 22828 is divided by 10?
8
Calculate the remainder when 28624 is divided by 2198.
50
What is the remainder when 112782 is divided by 101?
66
What is the remainder when 6545 is divided by 90?
65
What is the remainder when 792 is divided by 50?
42
What is the remainder when 24829 is divided by 7742?
1603
What is the remainder when 706301 is divided by 64?
61
Calculate the remainder when 4676 is divided by 57.
2
What is the remainder when 10003 is divided by 257?
237
What is the remainder when 11865 is divided by 1184?
25
Calculate the remainder when 9216 is divided by 2283.
84
Calculate the remainder when 14527 is divided by 192.
127
Calculate the remainder when 49214 is divided by 703.
4
What is the remainder when 409 is divided by 390?
19
Calculate the remainder when 102933 is divided by 12.
9
Calculate the remainder when 12644 is divided by 34.
30
What is the rema